[INFO] cloning repository https://github.com/jayong93/flask-macro
[INFO] running `Command { std: "git" "-c" "credential.helper=" "-c" "credential.helper=/workspace/cargo-home/bin/git-credential-null" "clone" "--bare" "https://github.com/jayong93/flask-macro" "/workspace/cache/git-repos/https%3A%2F%2Fgithub.com%2Fjayong93%2Fflask-macro", kill_on_drop: false }`
[INFO] [stderr] Cloning into bare repository '/workspace/cache/git-repos/https%3A%2F%2Fgithub.com%2Fjayong93%2Fflask-macro'...
[INFO] running `Command { std: "git" "rev-parse" "HEAD", kill_on_drop: false }`
[INFO] [stdout] c075c129879e25f4a4081877099ea091962b5fab
[INFO] checking jayong93/flask-macro against try#72f88fc4e9458f89516a0b8b0868f3718aec5b47 for pr-74989
[INFO] running `Command { std: "git" "clone" "/workspace/cache/git-repos/https%3A%2F%2Fgithub.com%2Fjayong93%2Fflask-macro" "/workspace/builds/worker-0/source", kill_on_drop: false }`
[INFO] [stderr] Cloning into '/workspace/builds/worker-0/source'...
[INFO] [stderr] done.
[INFO] validating manifest of git repo https://github.com/jayong93/flask-macro on toolchain 72f88fc4e9458f89516a0b8b0868f3718aec5b47
[INFO] running `Command { std: "/workspace/cargo-home/bin/cargo" "+72f88fc4e9458f89516a0b8b0868f3718aec5b47" "read-manifest" "--manifest-path" "Cargo.toml", kill_on_drop: false }`
[INFO] started tweaking git repo https://github.com/jayong93/flask-macro
[INFO] finished tweaking git repo https://github.com/jayong93/flask-macro
[INFO] tweaked toml for git repo https://github.com/jayong93/flask-macro written to /workspace/builds/worker-0/source/Cargo.toml
[INFO] crate git repo https://github.com/jayong93/flask-macro already has a lockfile, it will not be regenerated
[INFO] running `Command { std: "/workspace/cargo-home/bin/cargo" "+72f88fc4e9458f89516a0b8b0868f3718aec5b47" "fetch" "--locked" "--manifest-path" "Cargo.toml", kill_on_drop: false }`
[INFO] [stderr]     Updating git repository `https://github.com/jayong93/Rust-Rawinput`
[INFO] [stderr]  Downloading crates ...
[INFO] [stderr]   Downloaded iced_style v0.1.0
[INFO] [stderr]   Downloaded iced_core v0.2.1
[INFO] [stderr]   Downloaded wgpu_glyph v0.7.0
[INFO] [stderr]   Downloaded glam v0.8.7
[INFO] [stderr]   Downloaded dodrio v0.1.0
[INFO] [stderr]   Downloaded svg_fmt v0.2.1
[INFO] [stderr]   Downloaded core-text v13.3.2
[INFO] [stderr]   Downloaded clipboard_macos v0.1.0
[INFO] [stderr]   Downloaded iced_web v0.2.1
[INFO] [stderr]   Downloaded smithay-clipboard v0.3.7
[INFO] [stderr]   Downloaded iced_wgpu v0.2.2
[INFO] [stderr]   Downloaded iced v0.1.1
[INFO] [stderr]   Downloaded clipboard_x11 v0.1.0
[INFO] [stderr]   Downloaded window_clipboard v0.1.1
[INFO] [stderr]   Downloaded iced_winit v0.1.0
[INFO] [stderr]   Downloaded iced_native v0.2.2
[INFO] [stderr]   Downloaded guillotiere v0.4.4
[INFO] [stderr]   Downloaded iced_futures v0.1.2
[INFO] [stderr]   Downloaded clipboard_wayland v0.1.0
[INFO] [stderr]   Downloaded font-kit v0.4.0
[INFO] running `Command { std: "docker" "create" "-v" "/var/lib/crater-agent-workspace/builds/worker-0/target:/opt/rustwide/target:rw,Z" "-v" "/var/lib/crater-agent-workspace/builds/worker-0/source:/opt/rustwide/workdir:ro,Z" "-v" "/var/lib/crater-agent-workspace/cargo-home:/opt/rustwide/cargo-home:ro,Z" "-v" "/var/lib/crater-agent-workspace/rustup-home:/opt/rustwide/rustup-home:ro,Z" "-e" "SOURCE_DIR=/opt/rustwide/workdir" "-e" "CARGO_TARGET_DIR=/opt/rustwide/target" "-e" "CARGO_HOME=/opt/rustwide/cargo-home" "-e" "RUSTUP_HOME=/opt/rustwide/rustup-home" "-w" "/opt/rustwide/workdir" "-m" "1610612736" "--user" "0:0" "--network" "none" "rustops/crates-build-env@sha256:d92eaeed33fa75130ca1ee6c8a01d1ffb62bac859dfdfb3450e3e5d1c0146529" "/opt/rustwide/cargo-home/bin/cargo" "+72f88fc4e9458f89516a0b8b0868f3718aec5b47" "metadata" "--no-deps" "--format-version=1", kill_on_drop: false }`
[INFO] [stdout] 27be05fd83e3dda0b20f2eca0b8e94a868af287557ecfd3b0802cc25ec101a36
[INFO] [stderr] WARNING: Your kernel does not support swap limit capabilities or the cgroup is not mounted. Memory limited without swap.
[INFO] running `Command { std: "docker" "start" "-a" "27be05fd83e3dda0b20f2eca0b8e94a868af287557ecfd3b0802cc25ec101a36", kill_on_drop: false }`
[INFO] running `Command { std: "docker" "inspect" "27be05fd83e3dda0b20f2eca0b8e94a868af287557ecfd3b0802cc25ec101a36", kill_on_drop: false }`
[INFO] running `Command { std: "docker" "rm" "-f" "27be05fd83e3dda0b20f2eca0b8e94a868af287557ecfd3b0802cc25ec101a36", kill_on_drop: false }`
[INFO] [stdout] 27be05fd83e3dda0b20f2eca0b8e94a868af287557ecfd3b0802cc25ec101a36
[INFO] running `Command { std: "docker" "create" "-v" "/var/lib/crater-agent-workspace/builds/worker-0/target:/opt/rustwide/target:rw,Z" "-v" "/var/lib/crater-agent-workspace/builds/worker-0/source:/opt/rustwide/workdir:ro,Z" "-v" "/var/lib/crater-agent-workspace/cargo-home:/opt/rustwide/cargo-home:ro,Z" "-v" "/var/lib/crater-agent-workspace/rustup-home:/opt/rustwide/rustup-home:ro,Z" "-e" "SOURCE_DIR=/opt/rustwide/workdir" "-e" "CARGO_TARGET_DIR=/opt/rustwide/target" "-e" "CARGO_INCREMENTAL=0" "-e" "RUST_BACKTRACE=full" "-e" "RUSTFLAGS=--cap-lints=forbid" "-e" "CARGO_HOME=/opt/rustwide/cargo-home" "-e" "RUSTUP_HOME=/opt/rustwide/rustup-home" "-w" "/opt/rustwide/workdir" "-m" "1610612736" "--user" "0:0" "--network" "none" "rustops/crates-build-env@sha256:d92eaeed33fa75130ca1ee6c8a01d1ffb62bac859dfdfb3450e3e5d1c0146529" "/opt/rustwide/cargo-home/bin/cargo" "+72f88fc4e9458f89516a0b8b0868f3718aec5b47" "check" "--frozen" "--all" "--all-targets" "--message-format=json", kill_on_drop: false }`
[INFO] [stdout] 12490177a5bd407953b0b1c08bc700477a7a63e4d72729e545e8cb40113fd7bc
[INFO] [stderr] WARNING: Your kernel does not support swap limit capabilities or the cgroup is not mounted. Memory limited without swap.
[INFO] running `Command { std: "docker" "start" "-a" "12490177a5bd407953b0b1c08bc700477a7a63e4d72729e545e8cb40113fd7bc", kill_on_drop: false }`
[INFO] [stderr]    Compiling libc v0.2.71
[INFO] [stderr]     Checking cfg-if v0.1.10
[INFO] [stderr]    Compiling autocfg v1.0.0
[INFO] [stderr]     Checking lazy_static v1.4.0
[INFO] [stderr]    Compiling unicode-xid v0.1.0
[INFO] [stderr]    Compiling bitflags v1.2.1
[INFO] [stderr]    Compiling byteorder v1.3.4
[INFO] [stderr]    Compiling proc-macro2 v1.0.17
[INFO] [stderr]    Compiling unicode-xid v0.2.0
[INFO] [stderr]    Compiling syn v1.0.27
[INFO] [stderr]    Compiling cc v1.0.54
[INFO] [stderr]     Checking linked-hash-map v0.5.3
[INFO] [stderr]     Checking rustc-hash v1.1.0
[INFO] [stderr]    Compiling getrandom v0.1.14
[INFO] [stderr]    Compiling proc-macro-nested v0.1.4
[INFO] [stderr]    Compiling proc-macro-hack v0.5.16
[INFO] [stderr]     Checking futures-core v0.3.5
[INFO] [stderr]     Checking once_cell v1.4.0
[INFO] [stderr]     Checking futures-sink v0.3.5
[INFO] [stderr]     Checking downcast-rs v1.1.1
[INFO] [stderr]     Checking futures-io v0.3.5
[INFO] [stderr]     Checking ppv-lite86 v0.2.8
[INFO] [stderr]    Compiling arrayvec v0.4.12
[INFO] [stderr]     Checking nodrop v0.1.14
[INFO] [stderr]     Checking arrayvec v0.5.1
[INFO] [stderr]     Checking colorful v0.2.1
[INFO] [stderr]     Checking copyless v0.1.4
[INFO] [stderr]     Checking vec_map v0.8.2
[INFO] [stderr]     Checking iced_core v0.2.1
[INFO] [stderr]    Compiling serde v1.0.110
[INFO] [stderr]     Checking unicode-segmentation v1.6.0
[INFO] [stderr]    Compiling glam v0.8.7
[INFO] [stderr]     Checking float-ord v0.2.0
[INFO] [stderr]     Checking instant v0.1.4
[INFO] [stderr]    Compiling ryu v1.0.4
[INFO] [stderr]    Compiling winapi v0.3.8
[INFO] [stderr]     Checking svg_fmt v0.2.1
[INFO] [stderr]     Checking lock_api v0.3.4
[INFO] [stderr]    Compiling x11 v2.18.2
[INFO] [stderr]    Compiling servo-fontconfig-sys v4.0.9
[INFO] [stderr]    Compiling x11-dl v2.18.5
[INFO] [stderr]     Checking futures-channel v0.3.5
[INFO] [stderr]     Checking futures-task v0.3.5
[INFO] [stderr]     Checking hibitset v0.6.3
[INFO] [stderr]     Checking iced_style v0.1.0
[INFO] [stderr]    Compiling cmake v0.1.44
[INFO] [stderr]    Compiling proc-macro2 v0.4.30
[INFO] [stderr]     Checking log v0.4.8
[INFO] [stderr]    Compiling num-traits v0.2.11
[INFO] [stderr]    Compiling crossbeam-utils v0.7.2
[INFO] [stderr]    Compiling memoffset v0.5.4
[INFO] [stderr]    Compiling crossbeam-epoch v0.8.2
[INFO] [stderr]     Checking relevant v0.4.2
[INFO] [stderr]     Checking wayland-sys v0.23.6
[INFO] [stderr]     Checking stb_truetype v0.3.1
[INFO] [stderr]     Checking fxhash v0.2.1
[INFO] [stderr]    Compiling quote v0.6.13
[INFO] [stderr]    Compiling xcb v0.9.0
[INFO] [stderr]    Compiling quote v1.0.6
[INFO] [stderr]     Checking num_cpus v1.13.0
[INFO] [stderr]     Checking raw-window-handle v0.3.3
[INFO] [stderr]     Checking net2 v0.2.34
[INFO] [stderr]     Checking iovec v0.1.4
[INFO] [stderr]     Checking nix v0.14.1
[INFO] [stderr]     Checking memmap v0.7.0
[INFO] [stderr]     Checking shared_library v0.1.9
[INFO] [stderr]     Checking parking_lot_core v0.6.2
[INFO] [stderr]     Checking parking_lot_core v0.7.2
[INFO] [stderr]     Checking dirs v1.0.5
[INFO] [stderr]     Checking dirs-sys v0.3.4
[INFO] [stderr]    Compiling wayland-scanner v0.23.6
[INFO] [stderr]    Compiling syn v0.15.44
[INFO] [stderr]    Compiling servo-freetype-sys v4.0.5
[INFO] [stderr]    Compiling expat-sys v2.1.6
[INFO] [stderr]     Checking gfx-hal v0.4.1
[INFO] [stderr]     Checking ash v0.29.0
[INFO] [stderr]     Checking rand_core v0.5.1
[INFO] [stderr]     Checking mio v0.6.22
[INFO] [stderr]     Checking dirs v2.0.2
[INFO] [stderr]     Checking parking_lot v0.9.0
[INFO] [stderr]     Checking parking_lot v0.10.2
[INFO] [stderr]     Checking rand_pcg v0.2.1
[INFO] [stderr]     Checking rand_chacha v0.2.2
[INFO] [stderr]     Checking crossbeam-deque v0.7.3
[INFO] [stderr]     Checking approx v0.3.2
[INFO] [stderr]     Checking ordered-float v1.0.2
[INFO] [stderr]     Checking line_drawing v0.7.0
[INFO] [stderr]     Checking euclid v0.20.13
[INFO] [stderr]     Checking rand v0.7.3
[INFO] [stderr]     Checking rusttype v0.8.3
[INFO] [stderr]     Checking freetype v0.4.1
[INFO] [stderr]     Checking servo-fontconfig v0.4.0
[INFO] [stderr]     Checking mio-extras v2.0.6
[INFO] [stderr]     Checking rusttype v0.7.9
[INFO] [stderr]     Checking glyph_brush_layout v0.1.9
[INFO] [stderr]     Checking andrew v0.2.1
[INFO] [stderr]     Checking twox-hash v1.5.0
[INFO] [stderr]     Checking glyph_brush v0.6.3
[INFO] [stderr]     Checking lyon_geom v0.14.1
[INFO] [stderr]    Compiling wayland-client v0.23.6
[INFO] [stderr]    Compiling wayland-protocols v0.23.6
[INFO] [stderr]     Checking lyon_path v0.14.0
[INFO] [stderr]     Checking font-kit v0.4.0
[INFO] [stderr]    Compiling synstructure v0.10.2
[INFO] [stderr]     Checking wayland-commons v0.23.6
[INFO] [stderr]     Checking calloop v0.4.4
[INFO] [stderr]     Checking rendy-memory v0.5.2
[INFO] [stderr]     Checking rendy-descriptor v0.5.1
[INFO] [stderr]     Checking gfx-backend-empty v0.4.0
[INFO] [stderr]    Compiling zerocopy-derive v0.1.4
[INFO] [stderr]    Compiling euclid_macros v0.1.0
[INFO] [stderr]     Checking euclid v0.19.9
[INFO] [stderr]     Checking zerocopy v0.2.8
[INFO] [stderr]     Checking clipboard_x11 v0.1.0
[INFO] [stderr]     Checking guillotiere v0.4.4
[INFO] [stderr]     Checking smithay-client-toolkit v0.6.6
[INFO] [stderr]    Compiling pin-project-internal v0.4.17
[INFO] [stderr]    Compiling futures-macro v0.3.5
[INFO] [stderr]    Compiling serde_derive v1.0.110
[INFO] [stderr]     Checking smithay-clipboard v0.3.7
[INFO] [stderr]     Checking winit v0.22.2
[INFO] [stderr]     Checking clipboard_wayland v0.1.0
[INFO] [stderr]     Checking window_clipboard v0.1.1
[INFO] [stderr]     Checking gfx-backend-vulkan v0.4.3
[INFO] [stderr]     Checking pin-project v0.4.17
[INFO] [stderr]     Checking futures-util v0.3.5
[INFO] [stderr]     Checking wgpu-native v0.4.3
[INFO] [stderr]     Checking futures-executor v0.3.5
[INFO] [stderr]     Checking futures v0.3.5
[INFO] [stderr]     Checking iced_futures v0.1.2
[INFO] [stderr]     Checking iced_native v0.2.2
[INFO] [stderr]     Checking iced_winit v0.1.0
[INFO] [stderr]     Checking wgpu v0.4.0
[INFO] [stderr]     Checking wgpu_glyph v0.7.0
[INFO] [stderr]     Checking iced_wgpu v0.2.2
[INFO] [stderr]     Checking iced v0.1.1
[INFO] [stderr]     Checking rust_rawinput v0.4.3 (https://github.com/jayong93/Rust-Rawinput#0c77cb32)
[INFO] [stderr]     Checking serde_json v1.0.53
[INFO] [stdout] error[E0433]: failed to resolve: could not find `shared` in `winapi`
[INFO] [stdout]  --> /opt/rustwide/cargo-home/git/checkouts/rust-rawinput-0c834f1981836a29/0c77cb3/src/input_receiver.rs:2:13
[INFO] [stdout]   |
[INFO] [stdout] 2 | use winapi::shared::windef::HWND;
[INFO] [stdout]   |             ^^^^^^ could not find `shared` in `winapi`
[INFO] [stdout] 
[INFO] [stdout] 
[INFO] [stdout] error[E0433]: failed to resolve: could not find `shared` in `winapi`
[INFO] [stdout]   --> /opt/rustwide/cargo-home/git/checkouts/rust-rawinput-0c834f1981836a29/0c77cb3/src/input_receiver.rs:55:21
[INFO] [stdout]    |
[INFO] [stdout] 55 |         use winapi::shared::ntdef::TRUE;
[INFO] [stdout]    |                     ^^^^^^ could not find `shared` in `winapi`
[INFO] [stdout] 
[INFO] [stdout] 
[INFO] [stdout] error[E0433]: failed to resolve: could not find `um` in `winapi`
[INFO] [stdout]   --> /opt/rustwide/cargo-home/git/checkouts/rust-rawinput-0c834f1981836a29/0c77cb3/src/input_receiver.rs:56:21
[INFO] [stdout]    |
[INFO] [stdout] 56 |         use winapi::um::winuser::*;
[INFO] [stdout]    |                     ^^ could not find `um` in `winapi`
[INFO] [stdout] 
[INFO] [stdout] 
[INFO] [stdout] error[E0433]: failed to resolve: could not find `windows` in `os`
[INFO] [stdout]  --> /opt/rustwide/cargo-home/git/checkouts/rust-rawinput-0c834f1981836a29/0c77cb3/src/inner_window.rs:4:14
[INFO] [stdout]   |
[INFO] [stdout] 4 | use std::os::windows::ffi::OsStrExt;
[INFO] [stdout]   |              ^^^^^^^ could not find `windows` in `os`
[INFO] [stdout] 
[INFO] [stdout] 
[INFO] [stdout] error[E0433]: failed to resolve: could not find `shared` in `winapi`
[INFO] [stdout]  --> /opt/rustwide/cargo-home/git/checkouts/rust-rawinput-0c834f1981836a29/0c77cb3/src/inner_window.rs:7:13
[INFO] [stdout]   |
[INFO] [stdout] 7 | use winapi::shared::minwindef::{BOOL, LPARAM, LRESULT, WPARAM};
[INFO] [stdout]   |             ^^^^^^ could not find `shared` in `winapi`
[INFO] [stdout] 
[INFO] [stdout] 
[INFO] [stdout] error[E0433]: failed to resolve: could not find `shared` in `winapi`
[INFO] [stdout]  --> /opt/rustwide/cargo-home/git/checkouts/rust-rawinput-0c834f1981836a29/0c77cb3/src/inner_window.rs:8:13
[INFO] [stdout]   |
[INFO] [stdout] 8 | use winapi::shared::ntdef::NULL;
[INFO] [stdout]   |             ^^^^^^ could not find `shared` in `winapi`
[INFO] [stdout] 
[INFO] [stdout] 
[INFO] [stdout] error[E0433]: failed to resolve: could not find `shared` in `winapi`
[INFO] [stdout]  --> /opt/rustwide/cargo-home/git/checkouts/rust-rawinput-0c834f1981836a29/0c77cb3/src/inner_window.rs:9:13
[INFO] [stdout]   |
[INFO] [stdout] 9 | use winapi::shared::windef::HWND;
[INFO] [stdout]   |             ^^^^^^ could not find `shared` in `winapi`
[INFO] [stdout] 
[INFO] [stdout] 
[INFO] [stdout] error[E0433]: failed to resolve: could not find `um` in `winapi`
[INFO] [stdout]   --> /opt/rustwide/cargo-home/git/checkouts/rust-rawinput-0c834f1981836a29/0c77cb3/src/inner_window.rs:10:13
[INFO] [stdout]    |
[INFO] [stdout] 10 | use winapi::um::libloaderapi::GetModuleHandleW;
[INFO] [stdout]    |             ^^ could not find `um` in `winapi`
[INFO] [stdout] 
[INFO] [stdout] 
[INFO] [stdout] error[E0433]: failed to resolve: could not find `um` in `winapi`
[INFO] [stdout]   --> /opt/rustwide/cargo-home/git/checkouts/rust-rawinput-0c834f1981836a29/0c77cb3/src/inner_window.rs:11:13
[INFO] [stdout]    |
[INFO] [stdout] 11 | use winapi::um::winuser::*;
[INFO] [stdout]    |             ^^ could not find `um` in `winapi`
[INFO] [stdout] 
[INFO] [stdout] 
[INFO] [stdout] error[E0432]: unresolved import `winapi::um`
[INFO] [stdout]   --> /opt/rustwide/cargo-home/git/checkouts/rust-rawinput-0c834f1981836a29/0c77cb3/src/input_receiver.rs:21:13
[INFO] [stdout]    |
[INFO] [stdout] 21 | use winapi::um::winuser;
[INFO] [stdout]    |             ^^ could not find `um` in `winapi`
[INFO] [stdout] 
[INFO] [stdout] 
[INFO] [stdout] error[E0433]: failed to resolve: use of undeclared type or module `MSG`
[INFO] [stdout]   --> /opt/rustwide/cargo-home/git/checkouts/rust-rawinput-0c834f1981836a29/0c77cb3/src/input_receiver.rs:59:27
[INFO] [stdout]    |
[INFO] [stdout] 59 |             let mut msg = MSG::default();
[INFO] [stdout]    |                           ^^^ use of undeclared type or module `MSG`
[INFO] [stdout] 
[INFO] [stdout] 
[INFO] [stdout] error[E0433]: failed to resolve: use of undeclared type or module `WNDCLASSW`
[INFO] [stdout]    --> /opt/rustwide/cargo-home/git/checkouts/rust-rawinput-0c834f1981836a29/0c77cb3/src/inner_window.rs:102:26
[INFO] [stdout]     |
[INFO] [stdout] 102 |         let mut wclass = WNDCLASSW::default();
[INFO] [stdout]     |                          ^^^^^^^^^ use of undeclared type or module `WNDCLASSW`
[INFO] [stdout] 
[INFO] [stdout] 
[INFO] [stdout] error[E0433]: failed to resolve: use of undeclared type or module `RAWINPUTDEVICE`
[INFO] [stdout]    --> /opt/rustwide/cargo-home/git/checkouts/rust-rawinput-0c834f1981836a29/0c77cb3/src/inner_window.rs:129:31
[INFO] [stdout]     |
[INFO] [stdout] 129 |     let mut device_vec = vec![RAWINPUTDEVICE::default(); 2];
[INFO] [stdout]     |                               ^^^^^^^^^^^^^^ use of undeclared type or module `RAWINPUTDEVICE`
[INFO] [stdout] 
[INFO] [stdout] 
[INFO] [stdout] error[E0425]: cannot find value `TRUE` in this scope
[INFO] [stdout]   --> /opt/rustwide/cargo-home/git/checkouts/rust-rawinput-0c834f1981836a29/0c77cb3/src/input_receiver.rs:61:23
[INFO] [stdout]    |
[INFO] [stdout] 61 |                 while TRUE as i32 == GetMessageW(&mut msg as _, hwnd as HWND, WM_INPUT, WM_INPUT) {
[INFO] [stdout]    |                       ^^^^ not found in this scope
[INFO] [stdout] 
[INFO] [stdout] 
[INFO] [stdout] error[E0425]: cannot find function, tuple struct or tuple variant `GetMessageW` in this scope
[INFO] [stdout]   --> /opt/rustwide/cargo-home/git/checkouts/rust-rawinput-0c834f1981836a29/0c77cb3/src/input_receiver.rs:61:38
[INFO] [stdout]    |
[INFO] [stdout] 61 |                 while TRUE as i32 == GetMessageW(&mut msg as _, hwnd as HWND, WM_INPUT, WM_INPUT) {
[INFO] [stdout]    |                                      ^^^^^^^^^^^ not found in this scope
[INFO] [stdout] 
[INFO] [stdout] 
[INFO] [stdout] error[E0412]: cannot find type `HWND` in this scope
[INFO] [stdout]   --> /opt/rustwide/cargo-home/git/checkouts/rust-rawinput-0c834f1981836a29/0c77cb3/src/input_receiver.rs:61:73
[INFO] [stdout]    |
[INFO] [stdout] 61 |                 while TRUE as i32 == GetMessageW(&mut msg as _, hwnd as HWND, WM_INPUT, WM_INPUT) {
[INFO] [stdout]    |                                                                         ^^^^ not found in this scope
[INFO] [stdout] 
[INFO] [stdout] 
[INFO] [stdout] error[E0425]: cannot find value `WM_INPUT` in this scope
[INFO] [stdout]   --> /opt/rustwide/cargo-home/git/checkouts/rust-rawinput-0c834f1981836a29/0c77cb3/src/input_receiver.rs:61:79
[INFO] [stdout]    |
[INFO] [stdout] 61 |                 while TRUE as i32 == GetMessageW(&mut msg as _, hwnd as HWND, WM_INPUT, WM_INPUT) {
[INFO] [stdout]    |                                                                               ^^^^^^^^ not found in this scope
[INFO] [stdout] 
[INFO] [stdout] 
[INFO] [stdout] error[E0425]: cannot find value `WM_INPUT` in this scope
[INFO] [stdout]   --> /opt/rustwide/cargo-home/git/checkouts/rust-rawinput-0c834f1981836a29/0c77cb3/src/input_receiver.rs:61:89
[INFO] [stdout]    |
[INFO] [stdout] 61 |                 while TRUE as i32 == GetMessageW(&mut msg as _, hwnd as HWND, WM_INPUT, WM_INPUT) {
[INFO] [stdout]    |                                                                                         ^^^^^^^^ not found in this scope
[INFO] [stdout] 
[INFO] [stdout] 
[INFO] [stdout] error[E0425]: cannot find function, tuple struct or tuple variant `DispatchMessageW` in this scope
[INFO] [stdout]   --> /opt/rustwide/cargo-home/git/checkouts/rust-rawinput-0c834f1981836a29/0c77cb3/src/input_receiver.rs:62:21
[INFO] [stdout]    |
[INFO] [stdout] 62 |                     DispatchMessageW(&msg as _);
[INFO] [stdout]    |                     ^^^^^^^^^^^^^^^^ not found in this scope
[INFO] [stdout] 
[INFO] [stdout] 
[INFO] [stdout] error[E0425]: cannot find function, tuple struct or tuple variant `CloseWindow` in this scope
[INFO] [stdout]   --> /opt/rustwide/cargo-home/git/checkouts/rust-rawinput-0c834f1981836a29/0c77cb3/src/input_receiver.rs:64:17
[INFO] [stdout]    |
[INFO] [stdout] 64 |                 CloseWindow(hwnd);
[INFO] [stdout]    |                 ^^^^^^^^^^^ not found in this scope
[INFO] [stdout] 
[INFO] [stdout] 
[INFO] [stdout] error[E0412]: cannot find type `HWND` in this scope
[INFO] [stdout]   --> /opt/rustwide/cargo-home/git/checkouts/rust-rawinput-0c834f1981836a29/0c77cb3/src/inner_window.rs:16:11
[INFO] [stdout]    |
[INFO] [stdout] 16 |     hwnd: HWND,
[INFO] [stdout]    |           ^^^^ not found in this scope
[INFO] [stdout] 
[INFO] [stdout] 
[INFO] [stdout] error[E0412]: cannot find type `WPARAM` in this scope
[INFO] [stdout]   --> /opt/rustwide/cargo-home/git/checkouts/rust-rawinput-0c834f1981836a29/0c77cb3/src/inner_window.rs:18:14
[INFO] [stdout]    |
[INFO] [stdout] 18 |     w_param: WPARAM,
[INFO] [stdout]    |              ^^^^^^ not found in this scope
[INFO] [stdout] 
[INFO] [stdout] 
[INFO] [stdout] error[E0412]: cannot find type `LPARAM` in this scope
[INFO] [stdout]   --> /opt/rustwide/cargo-home/git/checkouts/rust-rawinput-0c834f1981836a29/0c77cb3/src/inner_window.rs:19:14
[INFO] [stdout]    |
[INFO] [stdout] 19 |     l_param: LPARAM,
[INFO] [stdout]    |              ^^^^^^ not found in this scope
[INFO] [stdout] 
[INFO] [stdout] 
[INFO] [stdout] error[E0412]: cannot find type `LRESULT` in this scope
[INFO] [stdout]   --> /opt/rustwide/cargo-home/git/checkouts/rust-rawinput-0c834f1981836a29/0c77cb3/src/inner_window.rs:20:6
[INFO] [stdout]    |
[INFO] [stdout] 20 | ) -> LRESULT {
[INFO] [stdout]    |      ^^^^^^^ not found in this scope
[INFO] [stdout] 
[INFO] [stdout] 
[INFO] [stdout] error[E0425]: cannot find function, tuple struct or tuple variant `DefWindowProcW` in this scope
[INFO] [stdout]   --> /opt/rustwide/cargo-home/git/checkouts/rust-rawinput-0c834f1981836a29/0c77cb3/src/inner_window.rs:23:13
[INFO] [stdout]    |
[INFO] [stdout] 23 |             DefWindowProcW(hwnd, msg, w_param, l_param)
[INFO] [stdout]    |             ^^^^^^^^^^^^^^ not found in this scope
[INFO] [stdout] 
[INFO] [stdout] 
[INFO] [stdout] error[E0425]: cannot find function, tuple struct or tuple variant `GetRawInputData` in this scope
[INFO] [stdout]   --> /opt/rustwide/cargo-home/git/checkouts/rust-rawinput-0c834f1981836a29/0c77cb3/src/inner_window.rs:27:13
[INFO] [stdout]    |
[INFO] [stdout] 27 |             GetRawInputData(
[INFO] [stdout]    |             ^^^^^^^^^^^^^^^ not found in this scope
[INFO] [stdout] 
[INFO] [stdout] 
[INFO] [stdout] error[E0425]: cannot find value `RID_INPUT` in this scope
[INFO] [stdout]   --> /opt/rustwide/cargo-home/git/checkouts/rust-rawinput-0c834f1981836a29/0c77cb3/src/inner_window.rs:29:17
[INFO] [stdout]    |
[INFO] [stdout] 29 |                 RID_INPUT,
[INFO] [stdout]    |                 ^^^^^^^^^ help: a local variable with a similar name exists: `WM_INPUT`
[INFO] [stdout] 
[INFO] [stdout] 
[INFO] [stdout] error[E0425]: cannot find value `NULL` in this scope
[INFO] [stdout]   --> /opt/rustwide/cargo-home/git/checkouts/rust-rawinput-0c834f1981836a29/0c77cb3/src/inner_window.rs:30:17
[INFO] [stdout]    |
[INFO] [stdout] 30 |                 NULL,
[INFO] [stdout]    |                 ^^^^ not found in this scope
[INFO] [stdout] 
[INFO] [stdout] 
[INFO] [stdout] error[E0412]: cannot find type `RAWINPUTHEADER` in this scope
[INFO] [stdout]   --> /opt/rustwide/cargo-home/git/checkouts/rust-rawinput-0c834f1981836a29/0c77cb3/src/inner_window.rs:32:27
[INFO] [stdout]    |
[INFO] [stdout] 15 | unsafe extern "system" fn wnd_proc(
[INFO] [stdout]    |                                   - help: you might be missing a type parameter: `<RAWINPUTHEADER>`
[INFO] [stdout] ...
[INFO] [stdout] 32 |                 size_of::<RAWINPUTHEADER>() as u32,
[INFO] [stdout]    |                           ^^^^^^^^^^^^^^ not found in this scope
[INFO] [stdout] 
[INFO] [stdout] 
[INFO] [stdout] error[E0425]: cannot find function, tuple struct or tuple variant `GetRawInputData` in this scope
[INFO] [stdout]   --> /opt/rustwide/cargo-home/git/checkouts/rust-rawinput-0c834f1981836a29/0c77cb3/src/inner_window.rs:35:13
[INFO] [stdout]    |
[INFO] [stdout] 35 |             GetRawInputData(
[INFO] [stdout]    |             ^^^^^^^^^^^^^^^ not found in this scope
[INFO] [stdout] 
[INFO] [stdout] 
[INFO] [stdout] error[E0425]: cannot find value `RID_INPUT` in this scope
[INFO] [stdout]   --> /opt/rustwide/cargo-home/git/checkouts/rust-rawinput-0c834f1981836a29/0c77cb3/src/inner_window.rs:37:17
[INFO] [stdout]    |
[INFO] [stdout] 37 |                 RID_INPUT,
[INFO] [stdout]    |                 ^^^^^^^^^ help: a local variable with a similar name exists: `WM_INPUT`
[INFO] [stdout] 
[INFO] [stdout] 
[INFO] [stdout] error[E0412]: cannot find type `RAWINPUTHEADER` in this scope
[INFO] [stdout]   --> /opt/rustwide/cargo-home/git/checkouts/rust-rawinput-0c834f1981836a29/0c77cb3/src/inner_window.rs:40:27
[INFO] [stdout]    |
[INFO] [stdout] 15 | unsafe extern "system" fn wnd_proc(
[INFO] [stdout]    |                                   - help: you might be missing a type parameter: `<RAWINPUTHEADER>`
[INFO] [stdout] ...
[INFO] [stdout] 40 |                 size_of::<RAWINPUTHEADER>() as u32,
[INFO] [stdout]    |                           ^^^^^^^^^^^^^^ not found in this scope
[INFO] [stdout] 
[INFO] [stdout] 
[INFO] [stdout] error[E0412]: cannot find type `RAWINPUT` in this scope
[INFO] [stdout]   --> /opt/rustwide/cargo-home/git/checkouts/rust-rawinput-0c834f1981836a29/0c77cb3/src/inner_window.rs:44:63
[INFO] [stdout]    |
[INFO] [stdout] 44 |             let raw_input = &*(input_bytes.as_ptr() as *const RAWINPUT);
[INFO] [stdout]    |                                                               ^^^^^^^^ not found in this scope
[INFO] [stdout] 
[INFO] [stdout] 
[INFO] [stdout] error[E0425]: cannot find value `VK_LBUTTON` in this scope
[INFO] [stdout]   --> /opt/rustwide/cargo-home/git/checkouts/rust-rawinput-0c834f1981836a29/0c77cb3/src/inner_window.rs:71:39
[INFO] [stdout]    |
[INFO] [stdout] 71 |                         (Input::Mouse(VK_LBUTTON), KeyState::Down),
[INFO] [stdout]    |                                       ^^^^^^^^^^ not found in this scope
[INFO] [stdout] 
[INFO] [stdout] 
[INFO] [stdout] error[E0425]: cannot find value `VK_LBUTTON` in this scope
[INFO] [stdout]   --> /opt/rustwide/cargo-home/git/checkouts/rust-rawinput-0c834f1981836a29/0c77cb3/src/inner_window.rs:72:39
[INFO] [stdout]    |
[INFO] [stdout] 72 |                         (Input::Mouse(VK_LBUTTON), KeyState::Up),
[INFO] [stdout]    |                                       ^^^^^^^^^^ not found in this scope
[INFO] [stdout] 
[INFO] [stdout] 
[INFO] [stdout] error[E0425]: cannot find value `VK_RBUTTON` in this scope
[INFO] [stdout]   --> /opt/rustwide/cargo-home/git/checkouts/rust-rawinput-0c834f1981836a29/0c77cb3/src/inner_window.rs:73:39
[INFO] [stdout]    |
[INFO] [stdout] 73 |                         (Input::Mouse(VK_RBUTTON), KeyState::Down),
[INFO] [stdout]    |                                       ^^^^^^^^^^ not found in this scope
[INFO] [stdout] 
[INFO] [stdout] 
[INFO] [stdout] error[E0425]: cannot find value `VK_RBUTTON` in this scope
[INFO] [stdout]   --> /opt/rustwide/cargo-home/git/checkouts/rust-rawinput-0c834f1981836a29/0c77cb3/src/inner_window.rs:74:39
[INFO] [stdout]    |
[INFO] [stdout] 74 |                         (Input::Mouse(VK_RBUTTON), KeyState::Up),
[INFO] [stdout]    |                                       ^^^^^^^^^^ not found in this scope
[INFO] [stdout] 
[INFO] [stdout] 
[INFO] [stdout] error[E0425]: cannot find value `VK_MBUTTON` in this scope
[INFO] [stdout]   --> /opt/rustwide/cargo-home/git/checkouts/rust-rawinput-0c834f1981836a29/0c77cb3/src/inner_window.rs:75:39
[INFO] [stdout]    |
[INFO] [stdout] 75 |                         (Input::Mouse(VK_MBUTTON), KeyState::Down),
[INFO] [stdout]    |                                       ^^^^^^^^^^ not found in this scope
[INFO] [stdout] 
[INFO] [stdout] 
[INFO] [stdout] error[E0425]: cannot find value `VK_MBUTTON` in this scope
[INFO] [stdout]   --> /opt/rustwide/cargo-home/git/checkouts/rust-rawinput-0c834f1981836a29/0c77cb3/src/inner_window.rs:76:39
[INFO] [stdout]    |
[INFO] [stdout] 76 |                         (Input::Mouse(VK_MBUTTON), KeyState::Up),
[INFO] [stdout]    |                                       ^^^^^^^^^^ not found in this scope
[INFO] [stdout] 
[INFO] [stdout] 
[INFO] [stdout] error[E0425]: cannot find value `VK_XBUTTON1` in this scope
[INFO] [stdout]   --> /opt/rustwide/cargo-home/git/checkouts/rust-rawinput-0c834f1981836a29/0c77cb3/src/inner_window.rs:77:39
[INFO] [stdout]    |
[INFO] [stdout] 77 |                         (Input::Mouse(VK_XBUTTON1), KeyState::Down),
[INFO] [stdout]    |                                       ^^^^^^^^^^^ not found in this scope
[INFO] [stdout] 
[INFO] [stdout] 
[INFO] [stdout] error[E0425]: cannot find value `VK_XBUTTON1` in this scope
[INFO] [stdout]   --> /opt/rustwide/cargo-home/git/checkouts/rust-rawinput-0c834f1981836a29/0c77cb3/src/inner_window.rs:78:39
[INFO] [stdout]    |
[INFO] [stdout] 78 |                         (Input::Mouse(VK_XBUTTON1), KeyState::Up),
[INFO] [stdout]    |                                       ^^^^^^^^^^^ not found in this scope
[INFO] [stdout] 
[INFO] [stdout] 
[INFO] [stdout] error[E0425]: cannot find value `VK_XBUTTON2` in this scope
[INFO] [stdout]   --> /opt/rustwide/cargo-home/git/checkouts/rust-rawinput-0c834f1981836a29/0c77cb3/src/inner_window.rs:79:39
[INFO] [stdout]    |
[INFO] [stdout] 79 |                         (Input::Mouse(VK_XBUTTON2), KeyState::Down),
[INFO] [stdout]    |                                       ^^^^^^^^^^^ not found in this scope
[INFO] [stdout] 
[INFO] [stdout] 
[INFO] [stdout] error[E0425]: cannot find value `VK_XBUTTON2` in this scope
[INFO] [stdout]   --> /opt/rustwide/cargo-home/git/checkouts/rust-rawinput-0c834f1981836a29/0c77cb3/src/inner_window.rs:80:39
[INFO] [stdout]    |
[INFO] [stdout] 80 |                         (Input::Mouse(VK_XBUTTON2), KeyState::Up),
[INFO] [stdout]    |                                       ^^^^^^^^^^^ not found in this scope
[INFO] [stdout] 
[INFO] [stdout] 
[INFO] [stdout] error[E0425]: cannot find function, tuple struct or tuple variant `DefWindowProcW` in this scope
[INFO] [stdout]   --> /opt/rustwide/cargo-home/git/checkouts/rust-rawinput-0c834f1981836a29/0c77cb3/src/inner_window.rs:94:14
[INFO] [stdout]    |
[INFO] [stdout] 94 |         _ => DefWindowProcW(hwnd, msg, w_param, l_param),
[INFO] [stdout]    |              ^^^^^^^^^^^^^^ not found in this scope
[INFO] [stdout] 
[INFO] [stdout] 
[INFO] [stdout] error[E0412]: cannot find type `HWND` in this scope
[INFO] [stdout]   --> /opt/rustwide/cargo-home/git/checkouts/rust-rawinput-0c834f1981836a29/0c77cb3/src/inner_window.rs:98:73
[INFO] [stdout]    |
[INFO] [stdout] 98 | pub fn make_blank_window(sender: UnboundedSender<(Input, KeyState)>) -> HWND {
[INFO] [stdout]    |                                                                         ^^^^ not found in this scope
[INFO] [stdout] 
[INFO] [stdout] 
[INFO] [stdout] error[E0425]: cannot find function, tuple struct or tuple variant `GetModuleHandleW` in this scope
[INFO] [stdout]    --> /opt/rustwide/cargo-home/git/checkouts/rust-rawinput-0c834f1981836a29/0c77cb3/src/inner_window.rs:101:25
[INFO] [stdout]     |
[INFO] [stdout] 101 |         let hinstance = GetModuleHandleW(null_mut());
[INFO] [stdout]     |                         ^^^^^^^^^^^^^^^^ not found in this scope
[INFO] [stdout] 
[INFO] [stdout] 
[INFO] [stdout] error[E0425]: cannot find function, tuple struct or tuple variant `RegisterClassW` in this scope
[INFO] [stdout]    --> /opt/rustwide/cargo-home/git/checkouts/rust-rawinput-0c834f1981836a29/0c77cb3/src/inner_window.rs:107:9
[INFO] [stdout]     |
[INFO] [stdout] 107 |         RegisterClassW(&wclass as *const _);
[INFO] [stdout]     |         ^^^^^^^^^^^^^^ not found in this scope
[INFO] [stdout] 
[INFO] [stdout] 
[INFO] [stdout] error[E0425]: cannot find function, tuple struct or tuple variant `CreateWindowExW` in this scope
[INFO] [stdout]    --> /opt/rustwide/cargo-home/git/checkouts/rust-rawinput-0c834f1981836a29/0c77cb3/src/inner_window.rs:108:20
[INFO] [stdout]     |
[INFO] [stdout] 108 |         let hwnd = CreateWindowExW(
[INFO] [stdout]     |                    ^^^^^^^^^^^^^^^ not found in this scope
[INFO] [stdout] 
[INFO] [stdout] 
[INFO] [stdout] error[E0425]: cannot find value `HWND_MESSAGE` in this scope
[INFO] [stdout]    --> /opt/rustwide/cargo-home/git/checkouts/rust-rawinput-0c834f1981836a29/0c77cb3/src/inner_window.rs:117:13
[INFO] [stdout]     |
[INFO] [stdout] 117 |             HWND_MESSAGE,
[INFO] [stdout]     |             ^^^^^^^^^^^^ not found in this scope
[INFO] [stdout] 
[INFO] [stdout] 
[INFO] [stdout] error[E0412]: cannot find type `HWND` in this scope
[INFO] [stdout]    --> /opt/rustwide/cargo-home/git/checkouts/rust-rawinput-0c834f1981836a29/0c77cb3/src/inner_window.rs:128:38
[INFO] [stdout]     |
[INFO] [stdout] 128 | unsafe fn register_raw_devices(hwnd: HWND) -> BOOL {
[INFO] [stdout]     |                                      ^^^^ not found in this scope
[INFO] [stdout] 
[INFO] [stdout] 
[INFO] [stdout] error[E0412]: cannot find type `BOOL` in this scope
[INFO] [stdout]    --> /opt/rustwide/cargo-home/git/checkouts/rust-rawinput-0c834f1981836a29/0c77cb3/src/inner_window.rs:128:47
[INFO] [stdout]     |
[INFO] [stdout] 128 | unsafe fn register_raw_devices(hwnd: HWND) -> BOOL {
[INFO] [stdout]     |                                               ^^^^ not found in this scope
[INFO] [stdout] 
[INFO] [stdout] 
[INFO] [stdout] error[E0425]: cannot find value `RIDEV_INPUTSINK` in this scope
[INFO] [stdout]    --> /opt/rustwide/cargo-home/git/checkouts/rust-rawinput-0c834f1981836a29/0c77cb3/src/inner_window.rs:133:25
[INFO] [stdout]     |
[INFO] [stdout] 133 |     mouse_dev.dwFlags = RIDEV_INPUTSINK;
[INFO] [stdout]     |                         ^^^^^^^^^^^^^^^ not found in this scope
[INFO] [stdout] 
[INFO] [stdout] 
[INFO] [stdout] error[E0425]: cannot find value `RIDEV_INPUTSINK` in this scope
[INFO] [stdout]    --> /opt/rustwide/cargo-home/git/checkouts/rust-rawinput-0c834f1981836a29/0c77cb3/src/inner_window.rs:139:28
[INFO] [stdout]     |
[INFO] [stdout] 139 |     keyboard_dev.dwFlags = RIDEV_INPUTSINK;
[INFO] [stdout]     |                            ^^^^^^^^^^^^^^^ not found in this scope
[INFO] [stdout] 
[INFO] [stdout] 
[INFO] [stdout] error[E0425]: cannot find function, tuple struct or tuple variant `RegisterRawInputDevices` in this scope
[INFO] [stdout]    --> /opt/rustwide/cargo-home/git/checkouts/rust-rawinput-0c834f1981836a29/0c77cb3/src/inner_window.rs:142:5
[INFO] [stdout]     |
[INFO] [stdout] 142 |     RegisterRawInputDevices(
[INFO] [stdout]     |     ^^^^^^^^^^^^^^^^^^^^^^^ not found in this scope
[INFO] [stdout] 
[INFO] [stdout] 
[INFO] [stdout] error[E0412]: cannot find type `RAWINPUTDEVICE` in this scope
[INFO] [stdout]    --> /opt/rustwide/cargo-home/git/checkouts/rust-rawinput-0c834f1981836a29/0c77cb3/src/inner_window.rs:145:29
[INFO] [stdout]     |
[INFO] [stdout] 128 | unsafe fn register_raw_devices(hwnd: HWND) -> BOOL {
[INFO] [stdout]     |                               - help: you might be missing a type parameter: `<RAWINPUTDEVICE>`
[INFO] [stdout] ...
[INFO] [stdout] 145 |         std::mem::size_of::<RAWINPUTDEVICE>() as u32,
[INFO] [stdout]     |                             ^^^^^^^^^^^^^^ not found in this scope
[INFO] [stdout] 
[INFO] [stdout] 
[INFO] [stdout] error[E0599]: no method named `encode_wide` found for reference `&OsStr` in the current scope
[INFO] [stdout]    --> /opt/rustwide/cargo-home/git/checkouts/rust-rawinput-0c834f1981836a29/0c77cb3/src/inner_window.rs:103:57
[INFO] [stdout]     |
[INFO] [stdout] 103 |         let class_name_vec = OsStr::new("MyMsgClass\0").encode_wide().collect::<Vec<_>>();
[INFO] [stdout]     |                                                         ^^^^^^^^^^^ method not found in `&OsStr`
[INFO] [stdout] 
[INFO] [stdout] 
[INFO] [stdout] error[E0599]: no method named `encode_wide` found for reference `&OsStr` in the current scope
[INFO] [stdout]    --> /opt/rustwide/cargo-home/git/checkouts/rust-rawinput-0c834f1981836a29/0c77cb3/src/inner_window.rs:104:48
[INFO] [stdout]     |
[INFO] [stdout] 104 |         let win_name_vec = OsStr::new("Win\0").encode_wide().collect::<Vec<_>>();
[INFO] [stdout]     |                                                ^^^^^^^^^^^ method not found in `&OsStr`
[INFO] [stdout] 
[INFO] [stdout] 
[INFO] [stdout] error[E0609]: no field `usUsagePage` on type `&mut _`
[INFO] [stdout]    --> /opt/rustwide/cargo-home/git/checkouts/rust-rawinput-0c834f1981836a29/0c77cb3/src/inner_window.rs:131:15
[INFO] [stdout]     |
[INFO] [stdout] 131 |     mouse_dev.usUsagePage = 1;
[INFO] [stdout]     |               ^^^^^^^^^^^
[INFO] [stdout] 
[INFO] [stdout] 
[INFO] [stdout] error: aborting due to 58 previous errors
[INFO] [stdout] 
[INFO] [stdout] 
[INFO] [stdout] Some errors have detailed explanations: E0412, E0425, E0432, E0433, E0599, E0609.
[INFO] [stdout] 
[INFO] [stdout] For more information about an error, try `rustc --explain E0412`.
[INFO] [stdout] 
[INFO] [stderr] error: could not compile `rust_rawinput`.
[INFO] [stderr] 
[INFO] [stderr] To learn more, run the command again with --verbose.
[INFO] [stderr] warning: build failed, waiting for other jobs to finish...
[INFO] [stderr] error: build failed
[INFO] running `Command { std: "docker" "inspect" "12490177a5bd407953b0b1c08bc700477a7a63e4d72729e545e8cb40113fd7bc", kill_on_drop: false }`
[INFO] running `Command { std: "docker" "rm" "-f" "12490177a5bd407953b0b1c08bc700477a7a63e4d72729e545e8cb40113fd7bc", kill_on_drop: false }`
[INFO] [stdout] 12490177a5bd407953b0b1c08bc700477a7a63e4d72729e545e8cb40113fd7bc
